and 624?
312
What is the highest common divisor of 914019 and 48?
3
What is the greatest common factor of 205735 and 31970?
115
Calculate the highest common factor of 2838205 and 186.
31
What is the highest common factor of 64 and 119771?
1
Calculate the highest common divisor of 2070 and 86778885.
345
What is the highest common divisor of 17242472 and 8?
8
What is the greatest common factor of 32689 and 3166662?
97
Calculate the greatest common divisor of 346326 and 108744.
1182
Calculate the highest common divisor of 34236 and 42336.
108
Calculate the greatest common divisor of 10936 and 36536.
8
What is the highest common factor of 138 and 9615426?
138
Calculate the highest common factor of 8078 and 275352.
14
What is the greatest common divisor of 178 and 6717809?
89
Calculate the greatest common factor of 2297409 and 13224.
87
What is the highest common divisor of 17488 and 4336?
16
Calculate the highest common factor of 3621 and 3791.
17
What is the highest common divisor of 304056 and 6659568?
7416
Calculate the highest common factor of 13307 and 115766.
7
Calculate the greatest common factor of 21483331 and 15103.
1373
Calculate the greatest common factor of 220 and 54505682.
22
Calculate the greatest common factor of 485493074 and 11528.
2882
Calculate the greatest common divisor of 43231677 and 4239.
471
What is the highest common factor of 68 and 26756266?
34
Calculate the highest common factor of 12912 and 5419328.
16
Calculate the highest common factor of 14485277 and 1178.
589
What is the highest common divisor of 25674 and 35343?
33
Calculate the greatest common factor of 874521 and 1386.
9
What is the highest common factor of 748 and 116127?
187
What is the greatest common factor of 53391 and 3094754?
481
Calculate the greatest common divisor of 2255656 and 52.
52
Calculate the highest common divisor of 65 and 3622585.
5
What is the highest common factor of 170955 and 70347?
393
Calculate the highest common factor of 221998 and 9898.
1414
Calculate the greatest common factor of 89615625 and 8250.
4125
What is the highest common divisor of 20 and 2626573200?
20
Calculate the highest common divisor of 1359792 and 24776.
152
What is the greatest common factor of 675 and 1209625?
25
Calculate the greatest common divisor of 430 and 38609098.
86
What is the greatest common divisor of 848666 and 546?
182
Calculate the highest common factor of 624 and 17872.
16
Calculate the highest common divisor of 74215 and 17840.
5
What is the highest common factor of 3421520 and 40?
40
Calculate the greatest common divisor of 57 and 7388815.
19
Calculate the greatest common divisor of 1004 and 418540994.
502
Calculate the highest common divisor of 2281624 and 24154.
1858
What is the greatest common factor of 42 and 115743978?
42
What is the highest common factor of 128892 and 956984?
92
Calculate the highest common factor of 6166 and 5110.
2
What is the highest common factor of 214677 and 167319?
27
What is the greatest common divisor of 905400 and 117675?
225
What is the greatest common factor of 14384240 and 4880?
80
What is the highest common factor of 52079 and 1663787?
2741
Calculate the highest common factor of 1914 and 563277.
33
What is the highest common factor of 1001 and 415943?
11
What is the highest common divisor of 9018516 and 468?
156
What is the highest common factor of 53 and 1111088449?
53
Calculate the highest common divisor of 113 and 30119.
1
What is the greatest common factor of 372 and 54579468?
372
Calculate the highest common divisor of 804 and 1555884.
12
What is the greatest common factor of 30120 and 32731404?
3012
Calculate the greatest common divisor of 4426264 and 180442.
2174
Calculate the greatest common divisor of 7398 and 164400.
822
Calculate the highest common divisor of 2612630 and 5856.
122
Calculate the highest common factor of 1678 and 6972929.
839
Calculate the highest common divisor of 131 and 1177212767.
131
Calculate the greatest common factor of 143423872 and 128.
128
Calculate the greatest common factor of 51942 and 498.
6
What is the highest common divisor of 152433688 and 3260?
652
Calculate the highest common factor of 10512 and 1235817.
657
Calculate the highest common factor of 105837419 and 167.
167
Calculate the highest common factor of 36296722 and 5115.
341
Calculate the greatest common divisor of 2975076 and 326.
326
Calculate the highest common divisor of 1543664 and 528.
16
Calculate the greatest common factor of 6489 and 600.
3
What is the highest common factor of 31222 and 7630517?
233
Calculate the highest common divisor of 126 and 42077.
7
Calculate the greatest common factor of 25 and 1617725.
25
Calculate the highest common divisor of 44 and 149732836.
44
Calculate the highest common divisor of 17784 and 1880077056.
5928
Calculate the highest common divisor of 43536288 and 16.
16
Calculate the highest common factor of 94422095 and 335.
335
Calculate the highest common divisor of 15874 and 30760.
2
What is the greatest common factor of 692277 and 227125?
1817
What is the highest common factor of 505295 and 4235?
35
What is the highest common factor of 14126573 and 5019?
239
What is the greatest common factor of 12699 and 1238443?
83
Calculate the highest common factor of 70 and 479982174.
14
What is the highest common factor of 24659972 and 6252?
2084
What is the highest common factor of 9839324 and 176?
44
What is the highest common divisor of 36703359 and 126?
63
What is the greatest common divisor of 1006800 and 1104?
48
What is the greatest common factor of 24297 and 92274?
273
Calculate the highest common factor of 42780 and 7843713.
2139
Calculate the highest common factor of 117526 and 11.
1
What is the greatest common divisor of 801 and 434462400?
801
What is the highest common divisor of 70 and 30229465?
35
Calculate the greatest common factor of 1708 and 313572.
28
What is the highest common factor of 10761303 and 84?
21
Calculate the greatest common factor of 21666651 and 28959.
591
What is the greatest common factor of 342891 and 81127?
31
What is the greatest common divisor of 65 and 570427?
13
What is the highest common factor of 1620 and 8716248?
324
What is the greatest common factor of 514 and 738466370?
514
What is the highest common factor of 169728 and 70096?
208
Calculate the greatest common divisor of 54 and 9082449.
27
What is the highest common factor of 5663507 and 35554?
613
Calculate the highest common factor of 173529852 and 222.
222
Calculate the highest common factor of 3157 and 10360.
7
Calculate the greatest common divisor of 21978 and 951027.
33
Calculate the greatest common factor of 20 and 160746070.
10
Calculate the highest common factor of 246466 and 1666.
34
What is the highest common factor of 6434 and 1087082206?
6434
What is the greatest common factor of 42120006 and 348?
174
What is the greatest common factor of 28361 and 32283793?
359
What is the highest common factor of 132 and 469790508?
132
What is the highest common divisor of 1538 and 3046?
2
Calculate the highest common divisor of 1601575 and 400.
25
Calculate the greatest common divisor of 424620 and 81060.
420
Calculate the greatest common divisor of 2204594 and 234872.
5338
What is the highest common factor of 2223342 and 6897?
627
Calculate the highest common factor of 150 and 41648592.
6
What is the highest common divisor of 60354136 and 1072?
536
Calculate the highest common factor of 3211 and 2441101.
247
What is the highest common factor of 29116319 and 82476?
2291
Calculate the highest common divisor of 169211 and 30912.
161
Calculate the greatest common divisor of 66141 and 7668.
9
Calculate the highest common divisor of 305 and 5812615885.
305
What is the highest common divisor of 80534 and 1965270?
1202
What is the highest common factor of 33132246 and 42?
42
Calculate the highest common divisor of 37572 and 75071987.
3131
What is the greatest common factor of 26848 and 59256892?
3356
Calculate the highest common divisor of 98 and 78265488.
14
What is the highest common divisor of 13970 and 47527210?
1270
What is the greatest common factor of 132029654 and 1070?
214
Calculate the greatest common divisor of 68568770 and 2350.
470
Calculate the greatest common divisor of